{"id":54,"date":"2022-01-24T13:37:54","date_gmt":"2022-01-24T13:37:54","guid":{"rendered":"https:\/\/oliversuchanek.com\/?page_id=54"},"modified":"2022-01-24T15:02:07","modified_gmt":"2022-01-24T15:02:07","slug":"arts-diy-projects-more","status":"publish","type":"page","link":"https:\/\/oliversuchanek.com\/index.php\/arts-diy-projects-more\/","title":{"rendered":"Arts, DIY projects &#038; more&#8230;"},"content":{"rendered":"\n<div class=\"wp-block-group alignfull has-background-background-color has-background\"><div class=\"wp-block-group__inner-container is-layout-flow wp-block-group-is-layout-flow\">\n<div class=\"wp-block-columns alignfull is-layout-flex wp-container-core-columns-is-layout-9d6595d7 wp-block-columns-is-layout-flex\">\n<div class=\"wp-block-column is-layout-flow wp-block-column-is-layout-flow\">\n<figure class=\"wp-block-image size-large\"><img decoding=\"async\" src=\"https:\/\/oliversuchanek.files.wordpress.com\/2022\/01\/21d066d2-d7b6-4407-bc6e-252cf98d8562_rw_1920.png?w=724\" alt=\"\" class=\"wp-image-150\"\/><\/figure>\n\n\n\n<figure class=\"wp-block-image size-large\"><img decoding=\"async\" src=\"https:\/\/oliversuchanek.files.wordpress.com\/2022\/01\/e20b1c90-33f6-4b37-9a27-13c2b8386652_rw_1200.png?w=614\" alt=\"\" class=\"wp-image-155\"\/><\/figure>\n\n\n\n<figure class=\"wp-block-image size-large\"><img decoding=\"async\" src=\"https:\/\/oliversuchanek.files.wordpress.com\/2022\/01\/dabbcd01-2221-4b61-9b8e-ab0fd5e43368_rw_1920.png?w=768\" alt=\"\" class=\"wp-image-157\"\/><\/figure>\n\n\n\n<figure class=\"wp-block-image size-large is-resized\"><img loading=\"lazy\" decoding=\"async\" src=\"https:\/\/oliversuchanek.com\/wp-content\/uploads\/2022\/01\/Untitled_Artwork-7-1-1024x1024.jpg\" alt=\"\" class=\"wp-image-114\" width=\"354\" height=\"354\" srcset=\"https:\/\/oliversuchanek.com\/wp-content\/uploads\/2022\/01\/Untitled_Artwork-7-1-1024x1024.jpg 1024w, https:\/\/oliversuchanek.com\/wp-content\/uploads\/2022\/01\/Untitled_Artwork-7-1-300x300.jpg 300w, https:\/\/oliversuchanek.com\/wp-content\/uploads\/2022\/01\/Untitled_Artwork-7-1-150x150.jpg 150w, https:\/\/oliversuchanek.com\/wp-content\/uploads\/2022\/01\/Untitled_Artwork-7-1-768x768.jpg 768w, https:\/\/oliversuchanek.com\/wp-content\/uploads\/2022\/01\/Untitled_Artwork-7-1-1536x1536.jpg 1536w, https:\/\/oliversuchanek.com\/wp-content\/uploads\/2022\/01\/Untitled_Artwork-7-1-2048x2048.jpg 2048w, https:\/\/oliversuchanek.com\/wp-content\/uploads\/2022\/01\/Untitled_Artwork-7-1-1568x1568.jpg 1568w\" sizes=\"auto, (max-width: 354px) 100vw, 354px\" \/><\/figure>\n<\/div>\n\n\n\n<div class=\"wp-block-column is-layout-flow wp-block-column-is-layout-flow\">\n<figure class=\"wp-block-image size-large is-resized\"><img loading=\"lazy\" decoding=\"async\" src=\"https:\/\/oliversuchanek.files.wordpress.com\/2022\/01\/circle_of_elements.png?w=1024\" alt=\"\" class=\"wp-image-151\" width=\"370\" height=\"370\"\/><\/figure>\n\n\n\n<figure class=\"wp-block-image size-large\"><img decoding=\"async\" src=\"https:\/\/oliversuchanek.files.wordpress.com\/2022\/01\/dd4b6070-c20a-4a82-9a26-b52a93337e59_rw_3840.jpeg?w=724\" alt=\"\" class=\"wp-image-156\"\/><\/figure>\n\n\n\n<figure class=\"wp-block-image size-large\"><img decoding=\"async\" src=\"https:\/\/oliversuchanek.files.wordpress.com\/2022\/01\/d3d09e07-3832-4a05-8c9d-ea37d0adf346_rw_1200.png?w=768\" alt=\"\" class=\"wp-image-158\"\/><\/figure>\n\n\n\n<figure class=\"wp-block-image size-large is-resized\"><img loading=\"lazy\" decoding=\"async\" src=\"https:\/\/oliversuchanek.files.wordpress.com\/2022\/01\/109f97bd-37f4-4ff2-96d8-720d42995a01_rw_1920.png?w=1024\" alt=\"\" class=\"wp-image-161\" width=\"709\" height=\"517\"\/><\/figure>\n<\/div>\n\n\n\n<div class=\"wp-block-column is-layout-flow wp-block-column-is-layout-flow\">\n<figure class=\"wp-block-image size-large\"><img decoding=\"async\" src=\"https:\/\/oliversuchanek.files.wordpress.com\/2022\/01\/untitled_artwork-4.png?w=512\" alt=\"\" class=\"wp-image-152\"\/><\/figure>\n\n\n\n<figure class=\"wp-block-image size-large\"><img decoding=\"async\" src=\"https:\/\/oliversuchanek.files.wordpress.com\/2022\/01\/f9095972-3016-4104-91a2-a9cab7d6055f_rw_1920.jpeg?w=768\" alt=\"\" class=\"wp-image-153\"\/><\/figure>\n\n\n\n<figure class=\"wp-block-image size-large\"><img decoding=\"async\" src=\"https:\/\/oliversuchanek.files.wordpress.com\/2022\/01\/414fb9d1-7160-4237-bcd1-6af5a52b87cf_rw_1920.png?w=1024\" alt=\"\" class=\"wp-image-160\"\/><\/figure>\n\n\n\n<figure class=\"wp-block-image size-large\"><img loading=\"lazy\" decoding=\"async\" width=\"1024\" height=\"1024\" src=\"https:\/\/oliversuchanek.com\/wp-content\/uploads\/2022\/01\/Untitled_Artwork-8-1-1024x1024.jpg\" alt=\"\" class=\"wp-image-115\" srcset=\"https:\/\/oliversuchanek.com\/wp-content\/uploads\/2022\/01\/Untitled_Artwork-8-1-1024x1024.jpg 1024w, https:\/\/oliversuchanek.com\/wp-content\/uploads\/2022\/01\/Untitled_Artwork-8-1-300x300.jpg 300w, https:\/\/oliversuchanek.com\/wp-content\/uploads\/2022\/01\/Untitled_Artwork-8-1-150x150.jpg 150w, https:\/\/oliversuchanek.com\/wp-content\/uploads\/2022\/01\/Untitled_Artwork-8-1-768x768.jpg 768w, https:\/\/oliversuchanek.com\/wp-content\/uploads\/2022\/01\/Untitled_Artwork-8-1-1536x1536.jpg 1536w, https:\/\/oliversuchanek.com\/wp-content\/uploads\/2022\/01\/Untitled_Artwork-8-1-2048x2048.jpg 2048w, https:\/\/oliversuchanek.com\/wp-content\/uploads\/2022\/01\/Untitled_Artwork-8-1-1568x1568.jpg 1568w\" sizes=\"auto, (max-width: 1024px) 100vw, 1024px\" \/><\/figure>\n<\/div>\n<\/div>\n<\/div><\/div>\n\n\n\n<h3 class=\"wp-block-heading\"><meta charset=\"utf-8\"><\/h3>\n\n\n\n<h3 class=\"wp-block-heading\"><strong>rC3 &#8211; Online Talk \u00fcber Geh\u00f6rlosigkeit w\u00e4hrend der Pandemie Zeit + Aufkl\u00e4rung, wie ein Cochlea Implantat funktioniert. <\/strong><\/h3>\n\n\n\n<figure class=\"wp-block-embed is-type-video is-provider-youtube wp-block-embed-youtube wp-embed-aspect-16-9 wp-has-aspect-ratio\"><div class=\"wp-block-embed__wrapper\">\n<iframe loading=\"lazy\" title=\"#rC3 -  works (not) for me\" width=\"750\" height=\"422\" src=\"https:\/\/www.youtube.com\/embed\/opoHj1Y52Xo?start=1340&#038;feature=oembed\" frameborder=\"0\" allow=\"accelerometer; autoplay; clipboard-write; encrypted-media; gyroscope; picture-in-picture\" allowfullscreen><\/iframe>\n<\/div><\/figure>\n","protected":false},"excerpt":{"rendered":"<p>rC3 &#8211; Online Talk \u00fcber Geh\u00f6rlosigkeit w\u00e4hrend der Pandemie Zeit + Aufkl\u00e4rung, wie ein Cochlea Implantat funktioniert.<\/p>\n","protected":false},"author":1,"featured_media":0,"parent":0,"menu_order":0,"comment_status":"closed","ping_status":"closed","template":"","meta":{"footnotes":""},"class_list":["post-54","page","type-page","status-publish","hentry","entry"],"_links":{"self":[{"href":"https:\/\/oliversuchanek.com\/index.php\/wp-json\/wp\/v2\/pages\/54","targetHints":{"allow":["GET"]}}],"collection":[{"href":"https:\/\/oliversuchanek.com\/index.php\/wp-json\/wp\/v2\/pages"}],"about":[{"href":"https:\/\/oliversuchanek.com\/index.php\/wp-json\/wp\/v2\/types\/page"}],"author":[{"embeddable":true,"href":"https:\/\/oliversuchanek.com\/index.php\/wp-json\/wp\/v2\/users\/1"}],"replies":[{"embeddable":true,"href":"https:\/\/oliversuchanek.com\/index.php\/wp-json\/wp\/v2\/comments?post=54"}],"version-history":[{"count":5,"href":"https:\/\/oliversuchanek.com\/index.php\/wp-json\/wp\/v2\/pages\/54\/revisions"}],"predecessor-version":[{"id":116,"href":"https:\/\/oliversuchanek.com\/index.php\/wp-json\/wp\/v2\/pages\/54\/revisions\/116"}],"wp:attachment":[{"href":"https:\/\/oliversuchanek.com\/index.php\/wp-json\/wp\/v2\/media?parent=54"}],"curies":[{"name":"wp","href":"https:\/\/api.w.org\/{rel}","templated":true}]}}